NOAA-Style Climate Reports

Select a Year or Month report
2022: Jan Feb Mar Apr May Jun Jul Aug Sep Oct Nov Dec
2021: Jan Feb Mar Apr May Jun Jul Aug Sep Oct Nov Dec
2020: Jan Feb Mar Apr May Jun Jul Aug Sep Oct Nov Dec
2019: Jan Feb Mar Apr May Jun Jul Aug Sep Oct Nov Dec
2018: Jan Feb Mar Apr May Jun Jul Aug Sep Oct Nov Dec
2017: Jan Feb Mar Apr May Jun Jul Aug Sep Oct Nov Dec

Report for 2018 May
                   MONTHLY CLIMATOLOGICAL SUMMARY for May 2018


NAME: Darfield                  
ELEV: 725 meters    LAT: 51-15.63 N    LONG: 120-12.20 W


                   TEMPERATURE (C), RAIN (mm), WIND SPEED (km/h)

                                         HEAT   COOL         AVG
      MEAN                               DEG    DEG          WIND                   DOM
DAY   TEMP   HIGH   TIME    LOW   TIME   DAYS   DAYS   RAIN  SPEED   HIGH   TIME    DIR
---------------------------------------------------------------------------------------
 01   10.9   18.7  16:11    4.9  23:56    7.4    0.0    0.0    4.0   17.6  10:24    297
 02   12.0   22.7  14:13    4.6  00:18    6.3    0.0    0.0    1.7   12.6  11:53    266
 03   12.4   21.3  14:11    4.3  04:35    6.0    0.0    0.0    1.6   15.1  17:17    270
 04   11.8   21.3  13:32    6.1  04:55    6.5    0.0   10.2    1.9   21.7  16:57    278
 05   12.4   22.6  16:25    6.6  04:50    5.9    0.0    0.3    2.0   15.1  12:48    293
 06   12.9   25.0  16:23    3.5  05:25    5.5    0.0    0.0    1.5   17.6  20:30    293
 07   13.5   21.3  12:36    6.8  06:00    4.8    0.0    7.6    0.9   12.6  15:09    274
 08   12.3   22.3  15:36    4.5  05:11    6.0    0.0    0.0    1.1   10.1  12:02    295
 09   10.3   16.1  16:54    7.2  23:55    8.0    0.0   13.2    0.7   10.1  19:10    291
 10   10.4   17.5  15:49    5.9  06:15    8.0    0.0    0.3    1.3   17.6  16:04    286
 11   13.3   22.4  14:40    5.6  01:20    5.0    0.0    0.0    3.8   19.2  13:18    295
 12   14.9   25.7  16:10    4.2  05:32    3.4    0.0    0.0    3.5   23.4  17:45    293
 13   16.3   29.0  16:13    6.5  05:55    2.1    0.0    0.0    2.7   15.1  12:59    294
 14   17.0   30.1  16:15    6.0  06:01    1.3    0.0    0.0    1.4   12.6  14:36    167
 15   18.1   30.4  16:09    7.5  05:20    0.2    0.0    0.0    1.0   11.8  15:51    147
 16   18.4   28.9  13:40    9.6  05:52    0.0    0.1    0.0    2.3   23.4  23:08    293
 17   18.1   26.1  14:22   11.5  23:05    0.2    0.0    0.0    3.8   21.7  16:13    299
 18   16.5   25.9  16:31   10.2  03:10    1.8    0.0    0.0    1.7   11.8  10:05    264
 19   16.7   26.7  14:12    7.8  05:58    1.7    0.0    0.0    1.6   13.4  18:09    152
 20   13.9   22.5  14:10    7.3  03:58    4.4    0.0    0.8    2.3   15.9  15:11    274
 21   15.4   26.5  15:36    6.3  05:56    2.9    0.0    0.0    1.0    9.3  13:49    160
 22   17.3   30.3  16:05    6.7  05:22    1.0    0.0    0.0    1.1   10.1  14:59    243
 23   19.4   31.6  16:04    8.5  05:30    0.0    1.0    0.0    1.1   10.1  15:19    179
 24   20.1   28.7  14:39   12.1  05:57    0.0    1.8    0.0    1.3   14.2  13:12    159
 25   17.6   26.8  15:05    8.7  05:35    0.7    0.0    0.0    2.3   15.9  13:24    167
 26   15.4   23.0  15:19    6.8  05:55    2.9    0.0    0.0    2.5   13.4  15:43    220
 27   16.3   26.1  15:17    5.5  04:40    2.0    0.0    0.0    2.3   13.4  14:02    158
 28   16.0   23.8  14:03    6.6  05:24    2.3    0.0    0.0    3.3   18.4  20:57    270
 29   12.2   19.8  12:14    6.9  04:55    6.2    0.0    0.3    4.0   22.5  15:11    294
 30   10.1   17.2  15:46    3.6  23:57    8.2    0.0    0.5    1.7   13.4  11:57    286
 31   11.3   20.8  15:17    1.1  05:20    7.1    0.0    0.0    3.2   16.7  18:30    292
---------------------------------------------------------------------------------------
      14.6   31.6     23    1.1     31  117.9    2.9   33.0    2.1   23.4     12    276