NOAA-Style Climate Reports

Select a Year or Month report
2022: Jan Feb Mar Apr May Jun Jul Aug Sep Oct Nov Dec
2021: Jan Feb Mar Apr May Jun Jul Aug Sep Oct Nov Dec
2020: Jan Feb Mar Apr May Jun Jul Aug Sep Oct Nov Dec
2019: Jan Feb Mar Apr May Jun Jul Aug Sep Oct Nov Dec
2018: Jan Feb Mar Apr May Jun Jul Aug Sep Oct Nov Dec
2017: Jan Feb Mar Apr May Jun Jul Aug Sep Oct Nov Dec

Report for 2018 April
                   MONTHLY CLIMATOLOGICAL SUMMARY for Apr 2018


NAME: Darfield                  
ELEV: 725 meters    LAT: 51-15.63 N    LONG: 120-12.20 W


                   TEMPERATURE (C), RAIN (mm), WIND SPEED (km/h)

                                         HEAT   COOL         AVG
      MEAN                               DEG    DEG          WIND                   DOM
DAY   TEMP   HIGH   TIME    LOW   TIME   DAYS   DAYS   RAIN  SPEED   HIGH   TIME    DIR
---------------------------------------------------------------------------------------
 01   -1.1    1.9  12:42   -3.4  00:42   19.5    0.0    1.5    1.7   11.8  13:05    303
 02   -1.2    5.7  14:08   -4.9  06:31   19.6    0.0    3.0    2.5   12.6  04:36    262
 03    0.8    6.4  16:53   -4.1  06:25   17.5    0.0    4.1    1.7   10.9  15:04    154
 04    0.4    8.8  12:34   -6.8  07:03   18.0    0.0    0.0    1.2   10.1  12:18    195
 05    1.3    7.1  13:27   -3.3  02:26   17.1    0.0    0.0    2.3   15.1  09:42    307
 06    2.2    5.6  17:06   -0.7  07:10   16.2    0.0    2.5    1.2   10.9  04:54    300
 07    3.1    5.4  12:55    1.3  06:07   15.2    0.0    4.6    0.4    9.3  09:01    293
 08    5.2   13.3  17:21    0.6  05:35   13.2    0.0    0.3    1.5   11.8  13:49    293
 09    6.3   15.0  16:14    0.2  06:46   12.0    0.0    0.0    1.1    8.5  09:07    155
 10    5.9   13.1  15:15   -0.7  00:00   12.5    0.0    2.5    1.6   13.4  13:34    183
 11    5.2   13.5  14:23   -1.5  02:03   13.1    0.0    0.0    1.8   12.6  15:05    185
 12    5.1    8.8  15:04   -1.1  23:57   13.2    0.0    1.3    2.2   13.4  12:13    298
 13    2.4    7.2  10:43   -3.5  04:45   16.0    0.0    0.0    2.1   11.8  13:00    169
 14    4.5   10.6  16:28   -0.3  06:27   13.9    0.0    0.0    0.8   10.9  00:29    164
 15    4.8   11.3  14:51    0.9  06:05   13.5    0.0    3.3    2.3   16.7  13:24    296
 16    3.7    5.0  00:00    1.4  23:56   14.7    0.0   12.7    1.7   12.6  02:10    292
 17    3.5    9.0  14:59   -0.5  22:55   14.9    0.0    0.0    1.8   20.0  12:03    253
 18    3.6   12.5  13:49   -2.5  06:20   14.8    0.0    0.0    1.7   10.9  12:16    144
 19    8.3   14.6  16:33   -3.0  06:33   10.1    0.0    0.0    2.3   11.8  14:11    160
 20    5.8   11.9  16:35   -1.3  06:00   12.5    0.0    0.0    1.9   12.6  19:09    157
 21    5.8   14.9  13:14   -1.1  23:46   12.5    0.0    1.8    2.9   29.1  14:53    262
 22    4.3   13.2  15:49   -2.0  01:44   14.0    0.0    0.0    2.0   16.7  14:59    294
 23    5.6   17.6  17:07   -3.7  06:30   12.7    0.0    0.0    1.7   10.1  10:14    175
 24    9.4   20.7  15:03   -1.8  06:17    8.9    0.0    0.0    1.5   10.9  15:53    172
 25   11.8   20.2  15:56    4.9  23:52    6.5    0.0    0.0    3.6   18.4  02:25    294
 26   11.2   24.0  17:01    0.5  06:05    7.1    0.0    0.0    1.2    8.5  09:32    219
 27   13.0   26.9  17:01    2.5  06:25    5.3    0.0    0.0    1.3   11.8  12:02    294
 28   10.3   18.0  13:46    2.9  05:49    8.1    0.0    0.0    1.7   12.6  12:22    152
 29    6.7    9.4  13:50    4.3  23:58   11.7    0.0    7.4    0.5    7.6  15:16    161
 30    8.8   18.1  15:42    0.8  03:17    9.5    0.0    0.0    1.1   10.1  14:18    148
---------------------------------------------------------------------------------------
       5.3   26.9     27   -6.8     04  393.6    0.0   45.0    1.7   29.1     21    237