NOAA-Style Climate Reports

Select a Year or Month report
2022: Jan Feb Mar Apr May Jun Jul Aug Sep Oct Nov Dec
2021: Jan Feb Mar Apr May Jun Jul Aug Sep Oct Nov Dec
2020: Jan Feb Mar Apr May Jun Jul Aug Sep Oct Nov Dec
2019: Jan Feb Mar Apr May Jun Jul Aug Sep Oct Nov Dec
2018: Jan Feb Mar Apr May Jun Jul Aug Sep Oct Nov Dec
2017: Jan Feb Mar Apr May Jun Jul Aug Sep Oct Nov Dec

Report for 2018 March
                   MONTHLY CLIMATOLOGICAL SUMMARY for Mar 2018


NAME: Darfield                  
ELEV: 725 meters    LAT: 51-15.63 N    LONG: 120-12.20 W


                   TEMPERATURE (C), RAIN (mm), WIND SPEED (km/h)

                                         HEAT   COOL         AVG
      MEAN                               DEG    DEG          WIND                   DOM
DAY   TEMP   HIGH   TIME    LOW   TIME   DAYS   DAYS   RAIN  SPEED   HIGH   TIME    DIR
---------------------------------------------------------------------------------------
 01    0.8    3.7  13:35   -1.0  00:05   17.6    0.0    7.4    1.1   12.6  01:39    209
 02   -0.9    3.2  12:04   -5.0  23:50   19.2    0.0    7.4    4.0   17.6  22:21    303
 03   -6.6   -4.7  13:33   -8.3  23:46   25.0    0.0    0.0    4.8   20.0  12:07    304
 04   -6.5   -1.6  14:58   -9.1  23:59   24.9    0.0    0.0    2.4   10.9  05:20    300
 05   -8.0   -1.5  15:46  -15.6  06:25   26.4    0.0    0.0    1.2   10.1  14:58    293
 06   -2.4    4.0  14:58   -6.5  05:40   20.7    0.0    3.6    0.9   11.8  12:26    291
 07   -3.5    6.1  14:27  -10.3  05:51   21.9    0.0    0.8    1.0    7.6  09:07    290
 08   -1.0    5.0  13:02   -3.6  06:27   19.3    0.0    0.5    0.8    6.8  02:39    297
 09   -0.3    5.0  16:21   -7.7  00:00   18.7    0.0    1.8    4.7   26.7  08:47    304
 10   -3.8    7.2  15:55  -11.0  06:44   22.1    0.0    1.8    1.3   10.9  11:06    283
 11   -1.7    8.3  17:05   -8.3  07:08   20.1    0.0    2.0    1.5   11.8  12:20    293
 12    0.1   11.7  16:47   -6.6  07:20   18.3    0.0    0.0    1.2   10.9  11:35    294
 13    2.6   12.6  15:12   -4.0  07:18   15.7    0.0    0.0    1.6   11.8  11:02    299
 14    2.2    5.2  11:35   -0.9  23:58   16.1    0.0    5.6    0.3    5.1  00:14    277
 15    2.5    7.1  13:29   -0.9  00:20   15.8    0.0    0.0    1.1   11.8  18:16    301
 16    2.3    6.9  14:14   -1.6  23:50   16.1    0.0    0.3    0.2    5.1  12:09    292
 17    1.5   11.1  17:22   -3.9  06:05   16.9    0.0    0.0    1.7   12.6  13:19    298
 18    1.5    7.0  15:51   -3.8  06:35   16.8    0.0    0.0    2.5   15.1  13:02    303
 19    3.4    9.7  15:58    0.1  07:00   15.0    0.0    0.0    0.8    7.6  11:48    157
 20    2.9    8.9  16:04   -1.0  00:00   15.5    0.0    0.0    1.6   10.9  14:35    153
 21    3.3    9.8  13:27   -2.2  06:33   15.1    0.0    0.0    1.1   11.8  13:33    190
 22    4.6   11.3  13:28    0.2  23:59   13.7    0.0    8.9    2.0   20.0  17:24    175
 23    0.3    6.3  15:18   -4.2  06:57   18.0    0.0    0.3    1.0   10.9  16:25    166
 24   -0.8    6.8  14:30   -6.0  07:40   19.2    0.0    0.0    1.0    7.6  13:07    168
 25   -0.3    6.4  17:07   -7.7  07:30   18.6    0.0    0.0    1.6   11.8  13:47    167
 26    1.0    4.7  14:37   -2.4  00:09   17.3    0.0    2.5    2.0   15.1  14:24    164
 27   -0.2    1.1  20:07   -1.0  22:30   18.5    0.0   10.9    1.1    4.3  22:17    297
 28    2.9    9.4  16:25   -3.3  23:50   15.4    0.0    0.0    5.8   22.5  12:08    299
 29    1.3    7.3  15:01   -6.4  06:08   17.1    0.0    0.0    1.7    8.5  14:26    154
 30    4.2    9.2  12:26   -2.7  23:39   14.1    0.0    1.5   10.7   29.1  13:47    301
 31   -2.2    5.6  16:05   -8.3  07:34   20.5    0.0    0.0    2.6   13.4  10:29    293
---------------------------------------------------------------------------------------
      -0.2   12.6     13  -15.6     05  569.3    0.0   55.1    1.9   29.1     30    287