NOAA-Style Climate Reports

Select a Year or Month report
2022: Jan Feb Mar Apr May Jun Jul Aug Sep Oct Nov Dec
2021: Jan Feb Mar Apr May Jun Jul Aug Sep Oct Nov Dec
2020: Jan Feb Mar Apr May Jun Jul Aug Sep Oct Nov Dec
2019: Jan Feb Mar Apr May Jun Jul Aug Sep Oct Nov Dec
2018: Jan Feb Mar Apr May Jun Jul Aug Sep Oct Nov Dec
2017: Jan Feb Mar Apr May Jun Jul Aug Sep Oct Nov Dec

Report for 2018 February
                   MONTHLY CLIMATOLOGICAL SUMMARY for Feb 2018


NAME: Darfield                  
ELEV: 725 meters    LAT: 51-15.63 N    LONG: 120-12.20 W


                   TEMPERATURE (C), RAIN (mm), WIND SPEED (km/h)

                                         HEAT   COOL         AVG
      MEAN                               DEG    DEG          WIND                   DOM
DAY   TEMP   HIGH   TIME    LOW   TIME   DAYS   DAYS   RAIN  SPEED   HIGH   TIME    DIR
---------------------------------------------------------------------------------------
 01   -2.4    1.3  12:14   -4.8  07:07   20.8    0.0    0.0    0.0    3.5  11:28    131
 02   -0.2    4.0  13:00   -2.3  00:00   18.5    0.0    0.5    0.2    6.0  15:10    164
 03   -1.4    2.3  10:29   -7.5  21:11   19.7    0.0    5.6    3.8   18.4  12:50    307
 04   -7.4   -5.7  21:50   -9.5  06:15   25.7    0.0    0.0    2.3   10.1  15:00    305
 05   -7.5   -4.4  14:17   -9.6  08:05   25.8    0.0    0.0    2.1    8.5  06:59    304
 06   -6.6   -3.6  14:33   -8.8  04:40   25.0    0.0    0.0    1.0    6.8  13:36    299
 07   -3.9   -0.9  11:23   -5.8  00:00   22.2    0.0    0.0    0.0    0.0  00:00    N/A
 08   -3.4    3.2  11:10   -8.7  23:55   21.8    0.0    1.8    5.7   26.7  15:53    294
 09   -9.0   -6.1  14:15  -12.0  23:58   27.4    0.0    0.0    5.0   15.1  00:11    297
 10  -14.7   -7.7  15:12  -19.8  07:14   33.1    0.0    0.0    0.8    8.5  00:06    164
 11  -14.4   -6.6  15:28  -19.6  07:00   32.7    0.0    0.0    2.6   15.1  15:11    302
 12  -13.9   -8.2  15:11  -21.1  07:29   32.2    0.0    0.0    0.9    9.3  14:16    292
 13   -6.6   -3.6  20:30   -9.5  04:33   24.9    0.0    0.0    2.0   14.2  17:09    150
 14   -5.4   -1.3  17:44   -8.0  03:30   23.7    0.0    0.0    0.6   18.4  23:51    306
 15   -6.6   -2.0  14:12  -12.0  08:15   24.9    0.0    0.0    2.7   19.2  02:14    297
 16   -5.9   -0.7  12:37   -8.7  23:57   24.2    0.0    0.0    0.6   10.1  13:34    275
 17   -7.1   -4.2  15:13   -9.1  02:00   25.5    0.0    0.0    1.4   11.8  23:20    291
 18   -8.7   -5.8  13:55  -12.9  23:47   27.1    0.0    0.0    9.2   30.0  10:20    298
 19  -14.6   -7.7  14:30  -20.3  07:19   32.9    0.0    0.0    2.2   15.9  11:03    305
 20  -17.1  -10.0  14:31  -21.9  07:15   35.5    0.0    0.0    1.1   10.1  10:59    286
 21  -16.3  -10.8  12:47  -22.1  04:12   34.7    0.0    0.0    1.3    8.5  15:43    294
 22  -14.0   -6.0  15:07  -19.7  07:05   32.3    0.0    0.0    1.3   10.9  11:03    291
 23  -11.9   -7.9  14:40  -18.3  04:16   30.3    0.0    0.0    0.9    7.6  10:20    162
 24   -6.2   -0.9  12:42  -10.7  07:25   24.6    0.0    0.0    0.6    6.8  21:38    151
 25   -4.3    3.2  13:37  -10.4  23:49   22.6    0.0    0.0    0.8   10.9  05:50    174
 26   -5.0    2.6  11:47  -10.3  00:00   23.3    0.0    0.5    1.0    9.3  12:10    153
 27   -3.5    4.1  12:58   -8.6  23:59   21.9    0.0    0.3    0.3    5.1  01:22    172
 28   -3.6    1.8  12:59  -10.5  05:05   22.0    0.0    0.0    0.7   10.9  18:28    184
---------------------------------------------------------------------------------------
      -8.3    4.1     27  -22.1     21  735.0    0.0    8.6    1.8   30.0     18    292