NOAA-Style Climate Reports

Select a Year or Month report
2022: Jan Feb Mar Apr May Jun Jul Aug Sep Oct Nov Dec
2021: Jan Feb Mar Apr May Jun Jul Aug Sep Oct Nov Dec
2020: Jan Feb Mar Apr May Jun Jul Aug Sep Oct Nov Dec
2019: Jan Feb Mar Apr May Jun Jul Aug Sep Oct Nov Dec
2018: Jan Feb Mar Apr May Jun Jul Aug Sep Oct Nov Dec
2017: Jan Feb Mar Apr May Jun Jul Aug Sep Oct Nov Dec

Report for 2018 January
                   MONTHLY CLIMATOLOGICAL SUMMARY for Jan 2018


NAME: Darfield                  
ELEV: 725 meters    LAT: 51-15.63 N    LONG: 120-12.20 W


                   TEMPERATURE (C), RAIN (mm), WIND SPEED (km/h)

                                         HEAT   COOL         AVG
      MEAN                               DEG    DEG          WIND                   DOM
DAY   TEMP   HIGH   TIME    LOW   TIME   DAYS   DAYS   RAIN  SPEED   HIGH   TIME    DIR
---------------------------------------------------------------------------------------
 01  -18.2  -16.2  15:53  -18.9  21:16   36.5    0.0    0.0    0.2    5.1  19:32    295
 02  -15.2  -11.5  14:14  -19.5  06:25   33.5    0.0    0.0    0.3    6.8  20:30    288
 03  -12.5   -8.5  14:23  -15.7  04:34   30.8    0.0    0.0    0.4    6.0  13:09    288
 04  -10.2   -7.1  12:41  -14.3  03:57   28.6    0.0    0.0    0.2    5.1  13:52    281
 05   -4.1    0.5  23:18   -8.0  00:05   22.5    0.0    0.0    0.5    6.0  11:57    262
 06    0.1    2.8  12:03   -1.0  21:45   18.2    0.0    2.8    0.4    5.1  15:18    179
 07   -0.1    1.0  14:55   -1.0  07:00   18.5    0.0    0.0    0.1    4.3  23:34    173
 08    0.7    1.8  12:11    0.0  19:53   17.6    0.0   17.0    1.2    6.8  06:42    171
 09    0.3    3.0  11:43   -2.2  23:54   18.0    0.0   15.7    1.7   15.1  22:27    295
 10   -7.3   -2.2  00:00  -15.8  23:58   25.6    0.0    0.0    2.2   15.9  13:50    306
 11  -12.8   -9.8  21:00  -17.6  03:16   31.2    0.0    0.0    3.2   13.4  16:44    300
 12   -9.6   -7.7  13:11  -11.4  06:05   27.9    0.0    0.0    1.3    9.3  13:43    295
 13   -5.4   -2.6  12:55   -8.5  00:00   23.7    0.0    0.0    0.5    6.0  02:21    291
 14   -2.5    1.0  13:23   -3.9  00:30   20.9    0.0    0.0    0.6    6.0  00:08    293
 15   -1.5    0.6  13:17   -2.3  22:21   19.8    0.0    0.0    0.5    6.0  16:49    295
 16   -0.7    2.0  11:44   -2.7  02:25   19.0    0.0    6.1    0.3    6.0  09:24    162
 17    2.1    3.5  20:25   -0.3  04:11   16.3    0.0   10.2    2.2    8.5  22:52    178
 18    1.8    6.0  11:40   -2.6  19:05   16.6    0.0    2.8    1.9   12.6  11:28    161
 19   -0.4    3.3  11:59   -5.6  08:07   18.7    0.0    0.0    1.3    9.3  15:14    157
 20   -0.1    2.3  11:06   -2.2  07:49   18.5    0.0    0.3    0.3    5.1  11:19    176
 21    1.8    3.6  12:54   -0.7  23:52   16.5    0.0    5.1    3.4   17.6  09:27    182
 22   -1.4    3.5  12:33   -6.7  23:53   19.8    0.0    0.3    0.9    6.8  12:28    159
 23   -2.9    0.5  23:52   -7.1  00:45   21.2    0.0    0.0    1.3   10.1  14:35    192
 24    0.9    5.4  14:06   -0.8  23:41   17.5    0.0    1.3    1.0    6.8  11:53    176
 25   -0.6    3.0  12:55   -2.7  08:40   18.9    0.0    0.3    1.0   10.1  11:57    152
 26   -1.9    1.9  14:49   -4.2  03:56   20.2    0.0    0.0    0.5    8.5  11:42    159
 27   -3.3   -1.0  14:11   -6.8  23:45   21.6    0.0    0.0    0.3    7.6  08:44    298
 28   -4.6   -1.0  23:59   -6.8  03:25   22.9    0.0    0.0    0.0    0.0  00:00    N/A
 29    0.2    1.5  22:35   -1.0  00:00   18.1    0.0   26.9    0.2   14.2  22:37    320
 30   -0.8    1.2  14:47   -3.6  23:56   19.1    0.0    0.0    0.2    4.3  16:16    269
 31   -4.3    1.0  13:32   -7.7  06:35   22.6    0.0    0.0    0.2    4.3  12:41    216
---------------------------------------------------------------------------------------
      -3.7    6.0     18  -19.5     02  680.9    0.0   88.6    0.9   17.6     21    234