NOAA-Style Climate Reports

Select a Year or Month report
2022: Jan Feb Mar Apr May Jun Jul Aug Sep Oct Nov Dec
2021: Jan Feb Mar Apr May Jun Jul Aug Sep Oct Nov Dec
2020: Jan Feb Mar Apr May Jun Jul Aug Sep Oct Nov Dec
2019: Jan Feb Mar Apr May Jun Jul Aug Sep Oct Nov Dec
2018: Jan Feb Mar Apr May Jun Jul Aug Sep Oct Nov Dec
2017: Jan Feb Mar Apr May Jun Jul Aug Sep Oct Nov Dec

Report for 2017 December
                   MONTHLY CLIMATOLOGICAL SUMMARY for Dec 2017


NAME: Darfield                  
ELEV: 725 meters    LAT: 51-15.63 N    LONG: 120-12.20 W


                   TEMPERATURE (C), RAIN (mm), WIND SPEED (km/h)

                                         HEAT   COOL         AVG
      MEAN                               DEG    DEG          WIND                   DOM
DAY   TEMP   HIGH   TIME    LOW   TIME   DAYS   DAYS   RAIN  SPEED   HIGH   TIME    DIR
---------------------------------------------------------------------------------------
 01    1.0    3.8  13:14   -0.9  06:08   17.3    0.0    0.0    0.9    6.0  09:56    166
 02   -0.4    2.3  12:01   -2.8  23:54   18.7    0.0    0.0    0.0    0.0  00:00    N/A
 03   -3.9   -1.1  13:07   -6.9  23:12   22.3    0.0    0.0    0.0    0.0  00:00    N/A
 04   -4.4   -1.8  12:25   -7.0  07:23   22.7    0.0    0.0    0.0    0.0  00:00    N/A
 05   -2.4    0.0  13:09   -4.3  06:18   20.8    0.0    0.0    0.0    0.0  00:00    N/A
 06   -1.4    0.3  13:42   -2.1  04:35   19.8    0.0    0.0    0.0    0.0  00:00    N/A
 07   -2.0   -0.5  13:09   -2.7  23:56   20.4    0.0    0.0    0.0    4.3  15:51    168
 08   -2.6   -1.0  12:25   -3.2  07:25   20.9    0.0    0.0    0.3    6.8  08:58    160
 09   -2.9   -1.1  13:07   -3.6  06:51   21.3    0.0    0.0    1.7    7.6  22:50    161
 10   -4.4   -0.7  12:27   -7.2  21:21   22.7    0.0    0.0    0.7    6.8  01:44    171
 11   -3.9   -1.5  12:10   -6.2  17:27   22.3    0.0    0.0    0.9    8.5  23:26    145
 12   -3.3    0.2  12:20   -5.6  08:01   21.6    0.0    0.0    0.9    8.5  04:33    159
 13   -1.9   -0.1  13:40   -2.9  04:45   20.2    0.0    0.0    0.2    6.0  12:20    288
 14   -0.6    0.9  13:50   -2.0  04:26   18.9    0.0    0.0    1.1    6.8  04:51    192
 15   -1.3    0.4  13:03   -3.9  18:40   19.7    0.0    0.0    0.3    4.3  00:36    159
 16   -2.4    0.5  12:36   -4.7  04:06   20.7    0.0    0.0    0.4    6.0  20:48    158
 17   -0.6    1.4  12:06   -1.6  00:00   18.9    0.0    0.3    0.4    5.1  13:51    146
 18   -3.3    0.0  13:45   -5.9  21:17   21.6    0.0    0.0    0.0    2.7  18:04    292
 19   -4.4   -3.9  14:06   -5.3  08:27   22.7    0.0    0.0    2.6   11.8  20:38    292
 20   -9.5   -4.5  00:05  -14.8  22:53   27.8    0.0    0.0    2.0   20.9  02:15    306
 21  -10.6   -8.2  13:10  -15.0  01:08   28.9    0.0    0.0    0.1    6.8  04:59    295
 22   -9.3   -5.9  12:28  -15.3  22:30   27.6    0.0    0.0    0.6   10.9  16:40    298
 23  -13.7   -9.7  11:39  -19.0  21:57   32.0    0.0    0.0    1.6   10.1  02:11    299
 24  -15.0  -12.5  13:56  -18.8  00:22   33.3    0.0    0.0    1.7    7.6  14:54    304
 25  -17.4  -13.7  12:42  -20.4  05:41   35.7    0.0    0.0    1.2   10.9  10:52    306
 26  -15.2  -13.6  13:08  -16.7  00:00   33.5    0.0    0.0    1.1    8.5  13:58    300
 27  -12.6   -9.4  13:27  -14.3  01:38   30.9    0.0    0.0    0.4    6.8  01:25    296
 28  -12.1  -10.7  20:35  -15.1  23:59   30.5    0.0    0.0    1.2    7.6  08:44    300
 29  -12.5  -10.9  12:54  -15.8  01:10   30.8    0.0    0.0    1.4   10.9  15:02    297
 30  -16.9  -11.3  00:20  -22.7  23:47   35.3    0.0    0.0    1.3   13.4  04:34    309
 31  -22.7  -19.3  16:44  -23.4  01:35   41.0    0.0    0.0    0.1    1.8  00:57    283
---------------------------------------------------------------------------------------
      -6.2    3.8     01  -23.4     31  780.8    0.0    0.3    0.8   20.9     20    277