NOAA-Style Climate Reports

Select a Year or Month report
2022: Jan Feb Mar Apr May Jun Jul Aug Sep Oct Nov Dec
2021: Jan Feb Mar Apr May Jun Jul Aug Sep Oct Nov Dec
2020: Jan Feb Mar Apr May Jun Jul Aug Sep Oct Nov Dec
2019: Jan Feb Mar Apr May Jun Jul Aug Sep Oct Nov Dec
2018: Jan Feb Mar Apr May Jun Jul Aug Sep Oct Nov Dec
2017: Jan Feb Mar Apr May Jun Jul Aug Sep Oct Nov Dec

Report for 2017 November
                   MONTHLY CLIMATOLOGICAL SUMMARY for Nov 2017


NAME: Darfield                  
ELEV: 725 meters    LAT: 51-15.63 N    LONG: 120-12.20 W


                   TEMPERATURE (C), RAIN (mm), WIND SPEED (km/h)

                                         HEAT   COOL         AVG
      MEAN                               DEG    DEG          WIND                   DOM
DAY   TEMP   HIGH   TIME    LOW   TIME   DAYS   DAYS   RAIN  SPEED   HIGH   TIME    DIR
---------------------------------------------------------------------------------------
 01    2.5    5.1  13:30   -0.2  23:30   15.9    0.0    0.3    2.7   15.9  12:40    301
 02   -2.9   -0.2  00:00   -6.1  23:49   21.3    0.0    0.0    7.9   25.0  21:12    295
 03   -9.7   -6.1  00:05  -15.3  23:58   28.0    0.0    0.0    4.6   17.6  01:12    298
 04  -11.9   -6.4  15:40  -16.8  04:04   30.3    0.0    0.0    0.7    9.3  12:00    297
 05   -9.1   -4.2  14:13  -12.7  23:43   27.4    0.0    0.0    1.7   14.2  10:46    299
 06  -11.3   -5.2  14:31  -15.7  07:44   29.7    0.0    0.0    0.6    6.8  11:27    162
 07   -7.0   -1.7  14:12  -13.2  00:27   25.4    0.0    0.0    0.9    7.6  12:56    222
 08   -4.2   -0.4  13:44   -8.4  07:08   22.5    0.0    0.0    0.8   11.8  15:01    295
 09   -2.3    0.4  12:24   -5.1  07:50   20.6    0.0    0.0    0.1    6.0  14:09    293
 10   -0.3    3.2  12:55   -1.7  04:11   18.7    0.0    0.0    0.0    0.0  00:00    N/A
 11    0.4    2.0  13:28   -0.4  00:00   17.9    0.0    8.1    0.3    7.6  17:14    177
 12    2.3    3.7  12:52    1.3  00:06   16.1    0.0   15.0    1.2    6.8  01:58    164
 13    2.5    6.6  12:22    1.0  17:09   15.8    0.0   14.7    0.6   12.6  13:20    168
 14    1.4    4.2  12:20   -1.1  06:32   16.9    0.0    0.3    1.4   11.8  22:48    196
 15    1.6    4.0  00:16   -2.0  23:44   16.7    0.0    3.8    3.4   10.1  00:48    192
 16   -1.0    4.0  13:31   -2.6  21:05   19.3    0.0    0.8    0.2    5.1  13:07    175
 17   -1.4    2.7  12:40   -4.2  03:01   19.7    0.0    0.3    0.2    6.0  11:39    176
 18   -0.0    2.5  21:13   -3.5  01:15   18.4    0.0    0.0    2.1    6.8  08:23    172
 19    3.9    5.2  10:37    1.3  22:11   14.4    0.0    0.0    2.8   11.8  08:16    171
 20    1.8    3.3  16:02    1.0  21:07   16.5    0.0    0.0    0.4    7.6  16:27    292
 21    1.1    4.4  23:41   -1.7  07:29   17.2    0.0    1.5    1.5    8.5  18:48    175
 22    6.5    8.6  13:43    3.7  00:15   11.8    0.0    0.0    3.6   10.1  07:18    165
 23    5.0   10.6  11:23   -2.1  22:09   13.4    0.0    0.0    1.3    9.3  14:12    158
 24    3.5    5.8  14:44   -1.1  00:01   14.8    0.0    0.0    2.9   13.4  22:24    166
 25    4.5    7.1  11:20    1.6  22:07   13.9    0.0    5.3    2.3   10.1  01:04    178
 26    3.9    8.0  11:55   -1.8  23:58   14.4    0.0    5.6    1.7   10.9  17:39    163
 27   -0.9    5.0  13:48   -4.5  08:14   19.2    0.0    0.0    0.6    7.6  12:50    139
 28    1.2    3.9  11:29   -2.4  21:45   17.1    0.0    0.0    2.1    9.3  12:12    171
 29   -0.2    3.1  12:25   -4.5  07:38   18.5    0.0    0.0    1.2    9.3  11:11    176
 30    1.9    3.4  13:09    0.5  06:23   16.5    0.0    0.0    2.4    7.6  07:54    162
---------------------------------------------------------------------------------------
      -0.9   10.6     23  -16.8     04  568.3    0.0   55.6    1.7   25.0     02    215