NOAA-Style Climate Reports

Select a Year or Month report
2022: Jan Feb Mar Apr May Jun Jul Aug Sep Oct Nov Dec
2021: Jan Feb Mar Apr May Jun Jul Aug Sep Oct Nov Dec
2020: Jan Feb Mar Apr May Jun Jul Aug Sep Oct Nov Dec
2019: Jan Feb Mar Apr May Jun Jul Aug Sep Oct Nov Dec
2018: Jan Feb Mar Apr May Jun Jul Aug Sep Oct Nov Dec
2017: Jan Feb Mar Apr May Jun Jul Aug Sep Oct Nov Dec

Report for 2017 October
                   MONTHLY CLIMATOLOGICAL SUMMARY for Oct 2017


NAME: Darfield                  
ELEV: 725 meters    LAT: 51-15.63 N    LONG: 120-12.20 W


                   TEMPERATURE (C), RAIN (mm), WIND SPEED (km/h)

                                         HEAT   COOL         AVG
      MEAN                               DEG    DEG          WIND                   DOM
DAY   TEMP   HIGH   TIME    LOW   TIME   DAYS   DAYS   RAIN  SPEED   HIGH   TIME    DIR
---------------------------------------------------------------------------------------
 01    6.8   11.9  14:39    2.0  23:58   11.6    0.0    0.8    2.9   20.9  12:28    313
 02    6.2   13.9  15:58   -0.1  07:50   12.1    0.0    0.3    4.2   17.6  13:29    301
 03    4.2   14.2  16:25   -1.7  07:40   14.1    0.0    0.0    1.9   12.6  03:42    308
 04    3.1   14.2  16:59   -3.5  06:55   15.2    0.0    0.0    0.6    8.5  11:14    255
 05    5.4   17.3  16:28   -1.1  07:35   12.9    0.0    0.0    0.7   10.1  11:47    245
 06    6.5   14.4  16:10    1.1  03:03   11.8    0.0    4.1    1.9   21.7  19:06    190
 07    2.9    8.9  15:32   -0.4  21:44   15.4    0.0    6.9    0.4    7.6  12:58    288
 08    3.8   11.0  16:03   -0.4  23:51   14.5    0.0    0.0    1.0   20.9  14:23    302
 09    4.4   10.3  13:57   -1.3  04:00   13.9    0.0    3.8    1.1    9.3  14:15    167
 10    6.0   11.1  14:11    1.9  00:00   12.4    0.0    1.5    1.2   11.8  19:17    219
 11    2.4    6.6  13:02   -0.4  23:00   15.9    0.0    0.5    0.5   13.4  17:02    295
 12    2.2    6.9  15:43   -0.2  00:05   16.2    0.0    4.8    0.3    7.6  12:12    177
 13    1.3    5.3  13:25   -3.7  23:55   17.1    0.0    1.3    1.9   14.2  14:54    289
 14    0.4    3.1  11:20   -3.9  00:25   17.9    0.0    5.3    0.8    7.6  10:32    165
 15    3.4    6.4  14:05    0.7  23:08   14.9    0.0    2.8    1.8    9.3  12:50    165
 16    8.3   13.9  15:36    0.9  00:00   10.1    0.0    0.0    2.9   12.6  15:19    174
 17    7.2   14.2  09:00   -1.1  22:31   11.1    0.0    7.4    3.4   31.6  10:30    197
 18    2.4    6.6  14:19   -1.2  01:22   16.0    0.0    6.1    1.8   15.9  13:07    184
 19    5.8   13.1  14:00    0.0  06:21   12.5    0.0    0.0    1.6   13.4  15:13    169
 20    4.7   10.3  13:18    1.5  20:45   13.6    0.0    0.5    0.5   10.9  14:53    182
 21    1.2    5.1  11:46   -2.8  07:36   17.1    0.0   11.2    1.6   10.1  13:24    175
 22    5.0   12.5  15:37   -0.2  23:50   13.3    0.0    0.3    1.5   10.1  14:57    172
 23    5.4   10.4  13:44   -1.7  07:50   12.9    0.0    0.0    1.1    8.5  12:04    162
 24    6.6   11.1  13:29    1.8  07:55   11.7    0.0    0.0    2.3   10.9  21:42    165
 25    8.0   13.2  15:58    3.1  21:05   10.4    0.0    0.3    4.4   23.4  11:50    271
 26    1.9    8.4  15:54   -2.2  07:40   16.5    0.0    0.0    1.1   11.8  02:21    295
 27    1.1    7.9  15:57   -2.3  06:15   17.2    0.0    0.0    1.1    9.3  13:18    293
 28    1.9    8.7  15:01   -1.6  02:41   16.4    0.0    0.0    0.5    6.8  12:58    171
 29    4.0   11.0  15:55   -2.0  23:36   14.3    0.0    0.0    2.7   14.2  12:48    299
 30   -2.1    4.7  16:00   -5.4  07:50   20.4    0.0    0.0    0.4    6.8  10:56    301
 31   -0.0    1.0  15:50   -2.9  00:00   18.4    0.0    4.1    0.4    5.1  10:28    152
---------------------------------------------------------------------------------------
       3.9   17.3     05   -5.4     30  447.7    0.0   61.7    1.6   31.6     17    233