NOAA-Style Climate Reports

Select a Year or Month report
2022: Jan Feb Mar Apr May Jun Jul Aug Sep Oct Nov Dec
2021: Jan Feb Mar Apr May Jun Jul Aug Sep Oct Nov Dec
2020: Jan Feb Mar Apr May Jun Jul Aug Sep Oct Nov Dec
2019: Jan Feb Mar Apr May Jun Jul Aug Sep Oct Nov Dec
2018: Jan Feb Mar Apr May Jun Jul Aug Sep Oct Nov Dec
2017: Jan Feb Mar Apr May Jun Jul Aug Sep Oct Nov Dec

Report for 2017 September
                   MONTHLY CLIMATOLOGICAL SUMMARY for Sep 2017


NAME: Darfield                  
ELEV: 725 meters    LAT: 51-15.63 N    LONG: 120-12.20 W


                   TEMPERATURE (C), RAIN (mm), WIND SPEED (km/h)

                                         HEAT   COOL         AVG
      MEAN                               DEG    DEG          WIND                   DOM
DAY   TEMP   HIGH   TIME    LOW   TIME   DAYS   DAYS   RAIN  SPEED   HIGH   TIME    DIR
---------------------------------------------------------------------------------------
 01   18.5   28.1  15:42   11.4  06:38    0.0    0.1    0.0    1.3   11.8  14:33    278
 02   20.4   31.8  15:37    9.9  06:21    0.0    2.1    0.0    3.3   23.4  19:41    296
 03   19.9   29.5  13:53   11.1  06:50    0.0    1.6    0.0    3.1   19.2  17:04    301
 04   18.7   30.2  16:20   11.1  05:41    0.0    0.3    0.0    2.4   15.9  11:58    304
 05   17.6   27.3  16:40    9.0  06:25    0.7    0.0    0.0    0.9    9.3  09:47    302
 06   19.4   29.3  15:18   11.6  06:25    0.0    1.0    0.0    0.5    8.5  10:27    294
 07   18.1   27.1  15:25   12.5  06:46    0.2    0.0    0.0    0.3    7.6  11:34    297
 08   16.3   21.1  14:02   13.1  21:24    2.1    0.0   11.2    1.1   12.6  13:00    307
 09   14.4   19.4  12:39    8.2  23:59    4.0    0.0    0.8    1.5   12.6  19:46    180
 10   11.7   21.3  15:19    5.0  06:47    6.7    0.0    0.0    1.0   10.9  13:41    190
 11   16.6   25.8  16:15    8.0  06:25    1.7    0.0    0.0    1.5   12.6  14:30    180
 12   15.6   21.1  16:11   12.2  23:58    2.8    0.0    0.0    3.8   21.7  20:44    303
 13   10.0   17.3  14:01    3.9  23:27    8.4    0.0    3.0    3.7   21.7  15:29    306
 14    8.7   19.1  16:16    0.4  07:14    9.6    0.0    0.3    3.1   17.6  13:47    303
 15    8.5   21.4  16:18    1.0  06:41    9.8    0.0    0.0    1.7   10.9  11:46    306
 16    8.7   20.6  15:59    0.1  05:55    9.6    0.0    0.0    0.4    8.5  14:09    181
 17   10.8   19.9  14:41    2.4  06:39    7.6    0.0    0.0    1.4   10.9  14:15    175
 18    7.7   13.7  11:57    2.8  23:51   10.7    0.0    1.3    0.9   11.8  11:30    180
 19    5.0   14.2  16:44   -0.8  05:06   13.3    0.0    0.0    1.0   10.1  14:50    304
 20    5.2    8.6  11:10    0.9  01:08   13.1    0.0    0.0    1.9   15.9  12:22    314
 21    9.0   15.6  12:43    2.1  06:49    9.4    0.0    0.0    3.1   19.2  13:06    312
 22    8.9   14.6  14:16    1.9  07:30    9.4    0.0    0.0    2.3   14.2  10:40    311
 23   10.2   16.8  15:51    5.4  06:51    8.1    0.0    0.0    0.6    7.6  10:39    247
 24   10.8   16.6  15:57    8.0  07:40    7.5    0.0    1.0    0.3    7.6  14:25    212
 25   11.0   14.4  13:32    8.5  00:00    7.3    0.0    5.6    0.0    4.3  11:08    176
 26   13.2   21.6  16:15    8.3  23:50    5.2    0.0    0.0    0.3    9.3  11:31    286
 27   11.1   21.0  16:45    6.1  05:27    7.2    0.0    0.0    1.4   10.1  14:57    299
 28   11.9   24.8  16:01    5.0  06:55    6.4    0.0    0.0    0.8   10.9  11:54    302
 29   12.0   22.6  14:24    6.0  07:00    6.4    0.0    0.8    0.5   10.1  14:25    190
 30    8.4   12.7  12:38    4.2  21:34   10.0    0.0    1.8    0.3   16.7  18:57    249
---------------------------------------------------------------------------------------
      12.6   31.8     02   -0.8     19  177.2    5.1   25.7    1.5   23.4     02    296