NOAA-Style Climate Reports

Select a Year or Month report
2022: Jan Feb Mar Apr May Jun Jul Aug Sep Oct Nov Dec
2021: Jan Feb Mar Apr May Jun Jul Aug Sep Oct Nov Dec
2020: Jan Feb Mar Apr May Jun Jul Aug Sep Oct Nov Dec
2019: Jan Feb Mar Apr May Jun Jul Aug Sep Oct Nov Dec
2018: Jan Feb Mar Apr May Jun Jul Aug Sep Oct Nov Dec
2017: Jan Feb Mar Apr May Jun Jul Aug Sep Oct Nov Dec

Report for 2017 August
                   MONTHLY CLIMATOLOGICAL SUMMARY for Aug 2017


NAME: Darfield                  
ELEV: 725 meters    LAT: 51-15.63 N    LONG: 120-12.20 W


                   TEMPERATURE (C), RAIN (mm), WIND SPEED (km/h)

                                         HEAT   COOL         AVG
      MEAN                               DEG    DEG          WIND                   DOM
DAY   TEMP   HIGH   TIME    LOW   TIME   DAYS   DAYS   RAIN  SPEED   HIGH   TIME    DIR
---------------------------------------------------------------------------------------
 01   20.8   30.7  15:19   11.3  05:26    0.0    2.4    0.0    3.8   22.5  15:36    305
 02   21.4   34.6  16:24   10.1  05:50    0.0    3.1    0.0    2.2   14.2  11:11    305
 03   20.6   32.0  15:24   10.4  05:43    0.0    2.3    0.0    0.6   15.1  23:57    300
 04   23.2   31.5  15:44   15.2  03:27    0.0    4.9    0.0    4.2   20.9  15:12    303
 05   21.1   33.0  16:39   10.8  06:15    0.0    2.7    0.0    1.8   15.9  12:34    298
 06   19.7   30.8  15:46   10.3  05:51    0.0    1.4    0.0    0.1    6.0  07:48    238
 07   19.6   30.3  17:17   11.5  06:20    0.0    1.2    0.0    0.4    9.3  11:06    295
 08   20.8   31.9  16:20   10.7  05:46    0.0    2.4    0.0    1.0    9.3  09:59    300
 09   20.4   31.7  17:26   10.7  05:52    0.0    2.1    0.0    0.4    9.3  11:22    293
 10   20.5   32.2  15:57   11.6  06:30    0.0    2.1    0.0    0.3    7.6  11:11    286
 11   21.4   35.7  16:43   11.9  06:20    0.0    3.0    0.0    0.4   10.1  16:54    210
 12   22.3   33.7  15:43   12.7  06:15    0.0    3.9    0.0    1.0   12.6  18:00    259
 13   15.3   22.9  15:01    8.8  23:41    3.0    0.0   17.0    1.6   23.4  16:33    297
 14   12.1   19.3  16:44    8.0  00:00    6.3    0.0    0.0    0.3    9.3  17:37    307
 15   12.8   22.1  15:25    5.6  05:31    5.5    0.0    0.0    1.0    8.5  09:49    301
 16   16.1   26.7  15:20    7.1  05:56    2.3    0.0    0.0    1.1   10.9  14:47    278
 17   17.1   26.8  16:56    9.4  06:25    1.2    0.0    0.0    0.4    7.6  10:16    252
 18   17.3   29.9  15:16   10.1  04:45    1.1    0.0    0.0    3.1   34.9  17:34    286
 19   13.4   22.7  15:40    6.4  06:01    5.0    0.0    0.0    1.2   15.1  10:50    301
 20   13.8   20.4  16:00    9.1  00:00    4.5    0.0    0.0    1.7   10.9  13:29    302
 21   16.4   27.6  16:32    8.4  06:25    1.9    0.0    0.0    0.6    9.3  11:52    306
 22   19.6   33.4  16:25    9.7  06:01    0.0    1.2    0.0    1.1   10.1  09:53    223
 23   22.3   32.6  14:47   12.3  06:35    0.0    4.0    0.0    1.6   11.8  13:23    166
 24   11.8   18.1  11:16    5.4  23:54    6.5    0.0    4.6    1.7   26.7  14:38    309
 25   10.7   23.4  16:28    3.8  04:09    7.6    0.0    0.0    0.9   10.1  15:24    240
 26   14.8   29.3  16:29    4.9  06:14    3.5    0.0    0.0    0.8   10.1  14:46    212
 27   18.3   31.2  16:32    8.8  06:29    0.0    0.0    0.0    0.8    8.5  11:24    269
 28   20.1   33.6  16:32   10.8  06:30    0.0    1.8    0.0    1.2   12.6  11:30    300
 29   20.9   34.6  16:03   10.3  06:47    0.0    2.6    0.0    0.9   11.8  16:41    201
 30   20.2   32.1  14:55   10.8  06:50    0.0    1.9    0.0    0.9   11.8  13:37    168
 31   19.4   24.8  12:38   13.6  22:06    0.0    1.1    0.0    2.9   15.1  13:14    303
---------------------------------------------------------------------------------------
      18.2   35.7     11    3.8     25   48.5   44.1   21.6    1.3   34.9     18    291