NOAA-Style Climate Reports

Select a Year or Month report
2022: Jan Feb Mar Apr May Jun Jul Aug Sep Oct Nov Dec
2021: Jan Feb Mar Apr May Jun Jul Aug Sep Oct Nov Dec
2020: Jan Feb Mar Apr May Jun Jul Aug Sep Oct Nov Dec
2019: Jan Feb Mar Apr May Jun Jul Aug Sep Oct Nov Dec
2018: Jan Feb Mar Apr May Jun Jul Aug Sep Oct Nov Dec
2017: Jan Feb Mar Apr May Jun Jul Aug Sep Oct Nov Dec

Report for 2017 July
                   MONTHLY CLIMATOLOGICAL SUMMARY for Jul 2017


NAME: Darfield                  
ELEV: 725 meters    LAT: 51-15.63 N    LONG: 120-12.20 W


                   TEMPERATURE (C), RAIN (mm), WIND SPEED (km/h)

                                         HEAT   COOL         AVG
      MEAN                               DEG    DEG          WIND                   DOM
DAY   TEMP   HIGH   TIME    LOW   TIME   DAYS   DAYS   RAIN  SPEED   HIGH   TIME    DIR
---------------------------------------------------------------------------------------
 01   22.3   32.0  16:27   12.2  06:16    0.0    4.0    0.0    1.0   11.8  12:06    163
 02   22.1   32.2  15:00   12.2  05:35    0.0    3.8    0.0    1.8   15.1  12:12    163
 03   18.9   26.5  15:17   11.9  04:20    0.0    0.6    0.0    2.4   17.6  15:02    304
 04   16.5   27.9  14:55    8.1  05:06    1.8    0.0    0.0    1.6   10.9  09:03    275
 05   20.2   33.0  16:13    8.6  05:25    0.0    1.9    0.0    0.8   10.9  16:37    169
 06   12.2   18.8  08:32    9.5  05:33    6.2    0.0    0.0    0.2    6.0  07:48    303
 07   24.5   31.4  16:46   15.8  23:57    0.0    6.2    0.0    1.6   10.9  16:51    158
 08   20.7   30.9  15:30   12.5  05:04    0.0    2.4    0.0    0.7   10.1  10:18    275
 09   21.6   31.9  15:33   13.2  02:04    0.0    3.3    0.0    1.6   11.8  14:01    251
 10   19.6   25.5  14:17   13.0  06:30    0.0    1.3    0.0    4.5   20.9  21:05    300
 11   19.6   26.7  15:24   12.7  00:00    0.0    1.3    0.0    2.5   13.4  02:53    293
 12   20.3   30.5  14:17   10.8  04:40    0.0    1.9    0.0    1.4   15.1  12:06    155
 13   19.5   29.8  14:57   10.1  06:15    0.0    1.2    3.0    1.1   14.2  13:10    157
 14   20.1   33.6  16:15    8.0  05:05    0.0    1.8    0.0    1.3   12.6  17:20    155
 15   26.2   32.6  14:09   16.0  23:59    0.0    7.8    0.0    3.5   18.4  15:48    163
 16   13.8   18.3  15:10    6.6  23:48    4.5    0.0    0.8    2.5   24.2  13:54    302
 17   12.9   22.8  15:28    4.0  05:30    5.5    0.0    0.0    0.8   10.1  13:00    289
 18   15.8   28.1  15:19    5.2  05:26    2.5    0.0    0.0    1.1   11.8  09:55    293
 19   18.1   28.6  16:04    8.9  05:22    0.2    0.0    0.0    0.6    8.5  16:58    294
 20   14.2   22.0  12:38   10.7  23:46    4.2    0.0   10.7    1.0   20.9  14:14    305
 21   15.6   22.6  17:33    9.5  05:38    2.8    0.0    0.0    0.4    9.3  12:58    173
 22   17.9   27.2  14:56    9.9  03:07    0.4    0.0    0.0    1.1   12.6  14:32    172
 23   16.4   27.1  12:46    8.4  23:56    1.9    0.0    0.0    3.5   30.8  16:02    306
 24   14.9   25.5  16:12    5.4  05:02    3.5    0.0    0.0    2.3   18.4  12:37    297
 25   17.4   30.4  16:26    6.2  05:20    0.9    0.0    0.0    1.2    9.3  08:35    287
 26   21.3   34.0  15:37    8.9  06:13    0.0    2.9    0.0    1.3   11.8  15:40    172
 27   20.1   29.8  15:17   13.1  05:29    0.0    1.8    2.3    1.5   12.6  13:39    301
 28   17.6   29.8  14:43    9.7  05:39    0.7    0.0    0.0    1.4    9.3  11:03    294
 29   20.7   33.5  16:24    9.8  05:57    0.0    2.4    0.0    1.1 0 12.6  14z22    169J 31   20.5   30.0  13:34   13.3  05:40    0.0    2.1    0.0    1.2   12." 13:070   201
 31   20.4   28.8  15*34 0 12.7  02:45    0.0    2*1"   0.0    2.%   14.2! 10:01    310
-------------------%--------------------m--,-------------
------
--------
-----------%
      18.78  34.0!    26    4.0     37   35.0   48.7   16.8    1.6   30.8   0$23   266