NOAA-Style Climate Reports

Select a Year or Month report
2022: Jan Feb Mar Apr May Jun Jul Aug Sep Oct Nov Dec
2021: Jan Feb Mar Apr May Jun Jul Aug Sep Oct Nov Dec
2020: Jan Feb Mar Apr May Jun Jul Aug Sep Oct Nov Dec
2019: Jan Feb Mar Apr May Jun Jul Aug Sep Oct Nov Dec
2018: Jan Feb Mar Apr May Jun Jul Aug Sep Oct Nov Dec
2017: Jan Feb Mar Apr May Jun Jul Aug Sep Oct Nov Dec

Report for 2017 June
                   MONTHLY CLIMATOLOGICAL SUMMARY for Jun 2017


NAME: Darfield                  
ELEV: 725 meters    LAT: 51-15.63 N    LONG: 120-12.20 W


                   TEMPERATURE (C), RAIN (mm), WIND SPEED (km/h)

                                         HEAT   COOL         AVG
      MEAN                               DEG    DEG          WIND                   DOM
DAY   TEMP   HIGH   TIME    LOW   TIME   DAYS   DAYS   RAIN  SPEED   HIGH   TIME    DIR
---------------------------------------------------------------------------------------
 01   14.1   19.3  14:46    9.0  04:40    4.2    0.0    0.3    1.6   13.4  18:14    293
 02   14.3   22.6  13:31    6.3  02:41    4.1    0.0    0.0    2.6   20.9  17:01    159
 03   13.2   20.5  13:45    6.6  05:19    5.1    0.0    0.0    1.0   14.2  14:04    161
 04   13.9   23.0  16:14    4.7  05:14    4.5    0.0    0.0    1.7   16.7  21:22    225
 05   15.2   24.4  16:23    5.8  06:05    3.2    0.0    0.0    1.4   12.6  01:16    175
 06   16.5   28.1  16:21    5.9  05:29    1.9    0.0    0.0    1.1   10.9  15:37    276
 07   19.0   30.4  15:31    9.4  05:45    0.0    0.7    0.0    1.4   10.1  11:29    286
 08   16.8   24.3  15:26   11.4  23:54    1.5    0.0    0.0    2.1   19.2  16:28    187
 09   10.8   16.8  15:19    4.7  05:15    7.5    0.0    0.0    2.3   18.4  18:50    296
 10    8.9   11.8  16:21    5.9  04:38    9.5    0.0    1.5    1.5   11.8  17:04    302
 11   12.3   21.2  16:51    5.3  03:31    6.0    0.0    0.0    1.1   10.9  13:27    165
 12    N/A    N/A    N/A    N/A    N/A    0.0    0.0    0.0    N/A    N/A    N/A    N/A
 13
 14    9.1   14.3  20:03    5.8  23:57    9.2    0.0    0.0    0.0    2.7  23:13    326
 15    9.4   15.4  13:22    2.8  05:00    9.0    0.0    1.5    0.4    6.0  12:46    169
 16   11.1   18.8  11:23    6.5  22:40    7.2    0.0    2.3    1.3   17.6  15:35    276
 17   11.9   20.2  14:56    3.5  04:13    6.4    0.0    0.0    0.8   10.9  15:52    160
 18   14.9   23.2  15:20    7.4  04:44    3.5    0.0    0.0    1.1   10.9  11:05    171
 19   16.3   21.2  16:23   10.5  05:24    2.1    0.0    0.0    0.4    8.5  15:19    167
 20   17.1   26.9  14:46   10.7  03:13    1.3    0.0    0.0    3.5   25.0  15:04    269
 21   12.6   18.3  15:39    6.7  05:59    5.7    0.0    0.0    4.4   25.0  16:47    300
 22   12.1   19.8  16:03    3.2  04:44    6.2    0.0    0.0    2.6   14.2  10:01    299
 23   14.9   27.1  16:18    3.9  04:57    3.5    0.0    0.0    1.5   12.6  12:00    289
 24   18.1   29.6  16:41    6.3  04:55    0.2    0.0    0.0    0.9    9.3  14:42    234
 25   21.8   33.6  14:50   11.3  05:14    0.0    3.4    0.0    0.7   13.4  14:16    188
 26   24.1   31.4  17:21   17.4  23:56    0.0    5.8    0.0    3.0   25.8  22:17    256
 27   16.9   25.7  14:34    7.9  04:46    1.4    0.0    0.0    3.1   29.1  00:19    288
 28   13.3   19.2  18:04    7.3  05:19    5.1    0.0    0.0    1.7   12.6  09:11    303
 29   17.4   29.0  16:26    6.6  05:00    0.9    0.0    0.0    0.7   10.9  15:07    162
 30   21.7   33.1  15:27   10.9  05:36    0.0    3.4    0.0    0.6   10.9  14:48    156
---------------------------------------------------------------------------------------
      15.1   33.6     25    2.8     15  109.1   13.3    5.6    1.6   29.1     27    257