NOAA-Style Climate Reports


Report for 2022 August
                   MONTHLY CLIMATOLOGICAL SUMMARY for Aug 2022


NAME: Boulder Mountain - Posby Lake - Chinook Cove                  
ELEV: 723 meters    LAT: 51-15.63 N    LONG: 120-12.20 W


                   TEMPERATURE (C), RAIN (mm), WIND SPEED (km/h)

                                         HEAT   COOL         AVG
      MEAN                               DEG    DEG          WIND                   DOM
DAY   TEMP   HIGH   TIME    LOW   TIME   DAYS   DAYS   RAIN  SPEED   HIGH   TIME    DIR
---------------------------------------------------------------------------------------
 01   22.4   32.0  15:11   15.2  23:58    0.0    4.1    4.0    N/A    N/A    N/A    N/A
 02   18.3   25.7  16:48   11.5  05:55    0.0    0.0    0.2    N/A    N/A    N/A    N/A
 03   16.6   19.8  15:55   13.4  23:31    1.8    0.0    6.2    N/A    N/A    N/A    N/A
 04   12.9   15.2  15:15    9.3  23:53    5.4    0.0    4.9    N/A    N/A    N/A    N/A
 05   13.2   19.6  16:02    8.8  01:27    5.1    0.0    0.2    N/A    N/A    N/A    N/A
 06   15.0   24.1  16:16    6.9  06:25    3.4    0.0    0.0    N/A    N/A    N/A    N/A
 07   18.6   29.5  14:32    9.8  06:06    0.0    0.3    0.0    N/A    N/A    N/A    N/A
 08   20.2   29.3  13:45   12.7  06:02    0.0    1.8    0.0    N/A    N/A    N/A    N/A
 09   20.7   31.7  17:16   11.0  06:26    0.0    2.3    0.0    N/A    N/A    N/A    N/A
 10   20.2   26.8  14:57   13.7  06:07    0.0    1.9    0.0    N/A    N/A    N/A    N/A
 11   21.6   30.3  14:03   15.8  06:53    0.0    3.3    0.0    N/A    N/A    N/A    N/A
 12   20.4   30.8  15:51   12.3  06:22    0.0    2.1    6.9    N/A    N/A    N/A    N/A
 13   18.2   26.2  14:15   12.5  23:58    0.1    0.0    0.0    N/A    N/A    N/A    N/A
 14   16.7   25.2  15:25    9.6  06:03    1.6    0.0    0.0    N/A    N/A    N/A    N/A
 15   19.1   28.6  15:36   11.6  04:28    0.0    0.8    0.0    N/A    N/A    N/A    N/A
 16   21.0   29.9  13:49   14.0  03:14    0.0    2.6    0.0    N/A    N/A    N/A    N/A
 17   20.8   30.7  16:29   13.4  06:05    0.0    2.4    0.0    N/A    N/A    N/A    N/A
 18   21.7   32.9  15:15   12.8  06:29    0.0    3.4    0.0    N/A    N/A    N/A    N/A
 19   21.9   28.5  13:45   16.1  23:59    0.0    3.5    0.0    N/A    N/A    N/A    N/A
 20   20.3   28.5  15:42   13.3  06:48    0.0    2.0    0.0    N/A    N/A    N/A    N/A
 21   20.4   27.5  15:32   15.2  06:26    0.0    2.1    0.2    N/A    N/A    N/A    N/A
 22   19.7   29.0  16:25   13.8  06:59    0.0    1.4    0.0    N/A    N/A    N/A    N/A
 23   18.1   21.8  13:30   14.1  23:59    0.2    0.0    0.0    N/A    N/A    N/A    N/A
 24   19.2   29.1  15:50   11.8  06:27    0.0    0.8    0.0    N/A    N/A    N/A    N/A
 25   20.1   30.8  14:15   12.7  06:23    0.0    1.8    0.0    N/A    N/A    N/A    N/A
 26   18.5   27.6  13:12   14.7  23:57    0.0    0.2    7.1    N/A    N/A    N/A    N/A
 27   13.6   18.7  15:51    8.7  23:57    4.7    0.0    4.9    0.0    0.0  09:34    N/A
 28   14.9   22.9  14:20    7.9  01:14    3.4    0.0    0.0    0.0    0.0  00:00    N/A
 29   18.9   26.7  13:22   13.1  06:19    0.0    0.6    0.0    0.0    0.0  00:01    N/A
 30   19.8   30.2  16:49   12.3  06:37    0.0    1.4    0.0    0.0    0.0  00:00    N/A
 31   20.4   30.8  16:18   12.7  06:39    0.0    2.0    0.0    0.0    0.0  00:00    N/A
---------------------------------------------------------------------------------------
      18.8   32.9     18    6.9     06   25.8   40.8   34.8    0.0    0.0     27    N/A