NOAA-Style Climate Reports

Select a Year or Month report
2022: Jan Feb Mar Apr May Jun Jul Aug Sep Oct Nov Dec
2021: Jan Feb Mar Apr May Jun Jul Aug Sep Oct Nov Dec
2020: Jan Feb Mar Apr May Jun Jul Aug Sep Oct Nov Dec
2019: Jan Feb Mar Apr May Jun Jul Aug Sep Oct Nov Dec
2018: Jan Feb Mar Apr May Jun Jul Aug Sep Oct Nov Dec
2017: Jan Feb Mar Apr May Jun Jul Aug Sep Oct Nov Dec

Report for 2018 August
                   MONTHLY CLIMATOLOGICAL SUMMARY for Aug 2018


NAME: Darfield                  
ELEV: 725 meters    LAT: 51-15.63 N    LONG: 120-12.20 W


                   TEMPERATURE (C), RAIN (mm), WIND SPEED (km/h)

                                         HEAT   COOL         AVG
      MEAN                               DEG    DEG          WIND                   DOM
DAY   TEMP   HIGH   TIME    LOW   TIME   DAYS   DAYS   RAIN  SPEED   HIGH   TIME    DIR
---------------------------------------------------------------------------------------
 01   20.7   30.1  14:35   12.4  05:47    0.0    2.4    0.0    2.9   31.6  23:31    295
 02   16.4   28.9  13:27   10.0  05:57    1.9    0.0    4.1    1.9   20.0  16:19    284
 03   16.3   23.6  14:53   11.5  01:00    2.0    0.0    2.3    0.9   12.6  14:53    284
 04   18.3   27.3  16:08   11.2  05:40    0.0    0.0    0.0    1.5   14.2  15:54    287
 05   18.3   30.1  16:18    9.7  05:31    0.1    0.0    0.0    0.8    9.3  16:16    265
 06   20.5   32.5  15:52   11.5  04:15    0.0    2.2    0.0    0.9   10.9  15:33    171
 07   20.4   30.9  15:17   12.9  05:41    0.0    2.1    0.0    0.8    9.3  15:16    283
 08   21.2   35.7  16:34   10.6  05:57    0.0    2.9    0.0    0.7    8.5  11:05    247
 09   23.5   37.2  14:37   12.6  06:10    0.0    5.2    0.0    0.8   12.6  15:42    167
 10   22.4   34.1  17:17   12.7  06:15    0.0    4.1    0.0    0.3    9.3  10:45    289
 11   18.2   29.7  15:03   11.7  23:55    0.1    0.0    7.6    1.9   28.3  16:46    270
 12   11.8   15.6  17:45    8.7  00:00    6.6    0.0    4.1    0.0    6.8  05:27    170
 13   14.0   21.6  17:10    8.7  00:05    4.3    0.0    0.0    0.6    9.3  11:47    248
 14   12.6   17.6  14:57    8.8  05:27    5.8    0.0    0.0    0.6    8.5  12:19    287
 15   14.9   24.7  17:01    8.2  05:35    3.4    0.0    0.0    1.1    9.3  16:38    279
 16   18.1   29.7  16:55   10.2  05:50    0.2    0.0    0.0    0.2    6.8  09:36    192
 17   16.8   25.7  12:51    9.9  05:10    1.5    0.0    0.0    0.0    6.0  07:14    281
 18   13.0   20.8  14:25    8.7  06:45    5.4    0.0    0.0    0.6    6.8  13:31    289
 19   14.7   25.0  16:06    5.7  06:20    3.6    0.0    0.0    2.3   11.8  19:08    286
 20   18.0   28.9  16:23    8.3  06:09    0.3    0.0    0.0    3.0   14.2  14:50    287
 21   17.4   30.5  16:29    7.5  06:00    0.9    0.0    0.0    0.8    7.6  14:22    186
 22   17.8   30.1  16:10    8.3  06:13    0.5    0.0    0.0    0.4    8.5  11:06    203
 23   15.8   27.1  14:58    8.8  05:57    2.5    0.0    2.3    1.7   20.9  18:32    287
 24   13.1   20.6  16:05    7.6  05:20    5.2    0.0    0.0    1.5   15.1  12:33    289
 25   10.8   14.6  15:59    7.4  05:48    7.5    0.0    1.3    0.3    5.1  12:57    281
 26
 27
 28
 29
 30
 31
---------------------------------------------------------------------------------------
      17.1   37.2     09    5.7     19   51.9   18.8   21.6    1.1   31.6     01    279